uppose -4*p + 0*p + 96 = -3*o, 96 = 4*p - m*o. Calculate the highest common divisor of p and 168.
24
Suppose -4*a + 551 - 99 = 0. Suppose -a + 17 = -p. Calculate the greatest common factor of 240 and p.
48
Suppose 41 + 19 = 3*u. Let i(j) = -2*j + 565. Let s be i(5). Let v = s - 545. What is the highest common factor of v and u?
10
Let y = 594 - 41. Suppose -5*q + y = 3*z, 2*q - 4 = -0. Suppose 0 = 8*k + 53 - z. What is the greatest common factor of 48 and k?
16
Let a = -26373 - -42147. Calculate the highest common divisor of 66 and a.
66
Let c be ((-1)/(-2))/((-4)/(-22*16)). Let s(p) = 3*p + 15. Let h be s(-2). Suppose -h*o + 6*o = -12. What is the highest common factor of o and c?
4
Let z be (-50)/(-9)*18432/4096. Let w be (450/4)/(1/2). What is the highest common divisor of z and w?
25
Let h = 363 + -333. Suppose 17*g - h = 55. What is the highest common factor of g and 185?
5
Let f(j) = j**3 + 8*j**2 + 11*j + 9. Let n be f(-5). Suppose -n*q + 704 = -21*q. Calculate the highest common factor of 66 and q.
22
Let u(q) = -q - 61. Let v(r) = r + 30. Let f(n) = -3*u(n) - 5*v(n). Let j be f(10). Let w = 45 + -19. What is the greatest common factor of w and j?
13
Let a be (3/(14 - 5))/(3/513). Suppose 0 = -7*g - a + 337. What is the highest common divisor of g and 10?
10
Suppose 11*i - 92*i = 13*i - 849290. Calculate the greatest common divisor of 65 and i.
65
Suppose 57*m - 16928 = 53*m + 5*u, 3*m - 12707 = u. Calculate the highest common factor of 19 and m.
19
Let z be (-3)/(45/(-10))*(170 - -1). Calculate the greatest common factor of 4902 and z.
114
Suppose -i = -4*u - 90, -4*u = 9 - 13. Calculate the greatest common divisor of i and 3431.
47
Suppose 5*p = 4*j + 298, 3*p = 8*j - 3*j + 184. Suppose 2*t - t - 48 = 0. Let s = p - t. Calculate the highest common factor of s and 10.
10
Suppose 0 = -28*b - 19*b + 20304. What is the greatest common divisor of 1404 and b?
108
Suppose g + 15 = s - 8, -5*g - 3*s = 115. Let v = g - -32. Suppose 0 = 6*d - 248 - 130. Calculate the highest common divisor of v and d.
9
Suppose 62*j = 56*j + 948. Let c = 219 - j. Calculate the greatest common divisor of 244 and c.
61
Let q(p) = p**3 + 4*p**2 + 5. Let d be q(-4). Suppose -702 = -63*f + 54*f. Let t = -77 + f. Calculate the greatest common divisor of t and d.
1
Let v = 3 - -27. Let w = -5351 + 5357. What is the greatest common divisor of v and w?
6
Let f = 70 + -45. Let d = 9 + f. Let b(r) = r**2 - 6*r + 58. Let l be b(9). What is the greatest common factor of l and d?
17
Let y be 156/(-104)*(-32)/6. Suppose 74 = y*h + 26. Calculate the highest common factor of h and 4.
2
Let o = 23778 - 22527. Calculate the highest common divisor of 278 and o.
139
Let p(n) = -3*n**3 - 5*n**2 + 8*n - 1. Let o be -1 - ((3 - 2) + (-15)/(-5)). Let x be p(o). Calculate the greatest common divisor of x and 11.
11
Suppose 836 = -14*t + 2418. Suppose 0 = t*q - 109*q - 792. Calculate the highest common factor of 44 and q.
22
Suppose 414*s - 200*s = 202*s + 3276. What is the greatest common factor of 2275 and s?
91
Let n be (9 - 0) + (6 - 10) + 4. Let w = 327 - 309. What is the greatest common factor of w and n?
9
Let u be (1935/165 - 12)*-22. Suppose -4*i = -39 - 69. Calculate the highest common factor of u and i.
3
Suppose 1135 = -4*o + 4*z + 23431, 2*o + 2*z = 11160. Calculate the greatest common divisor of 99 and o.
33
Let h be (-2)/12*-15 + (-4588)/8. Let q = -485 - h. Calculate the highest common factor of q and 215.
43
Suppose -2*r + 1150 = 4*j, 0 = r - 0*j - j - 590. What is the highest common divisor of r and 26?
13
Let r(c) = 47*c - 65. Let m be r(10). What is the highest common divisor of m and 720?
45
Let f = -2766 - -9756. Calculate the highest common factor of 30 and f.
30
Suppose 4498 = 26*z + 1404. Calculate the highest common factor of z and 175.
7
Suppose 5*y - 373 = -2*z + 2469, -5*z - 2*y = -7105. What is the highest common factor of 245 and z?
49
Suppose 12 = -p + 4*v, 5*p - 4*v + 0*v - 20 = 0. Suppose 144 = 4*r + 76. Suppose -45*k + r*k = -224. Calculate the greatest common factor of k and p.
8
Suppose -4*s = 2*p - 4498, 0 = s - 4*p - 1009 - 93. What is the highest common divisor of 816 and s?
102
Suppose 0 = 3*g - 5*z - 13023, 1054*g + 2*z = 1058*g - 17336. Calculate the greatest common divisor of g and 61.
61
Let w = -480 + 489. Let u(f) = f**3 - 2*f**2 + 6*f - 6. Suppose -j + 15 = -2*g, -j - 15 = -3*j + g. Let r be u(j). What is the highest common factor of w and r?
9
Suppose -2*o + 60 = 5*u, 0 = -4*o + o - 3*u + 72. Suppose -2*y - o = -6*y. Suppose 0 = y*t - 13*t + 48. What is the greatest common divisor of 42 and t?
6
Suppose 3*d = -0*d + 495. Let i(w) = -w**2 + 13*w + 38. Let p be i(15). Suppose 0 = -p*j + 345 + 183. Calculate the greatest common factor of d and j.
33
Let a be -7*54/(-42) - (-4 - 5671). Calculate the greatest common divisor of a and 56.
28
Let a = 226 + -232. Let g be (-3)/2*a/(-9)*-37. What is the greatest common divisor of g and 629?
37
Suppose 200*m - 199*m + 137 = 2*k, k - m = 72. Calculate the highest common divisor of k and 104.
13
Let j be 2 + (-8)/(-4) + 38. Suppose 0 = j*d - 37*d - 440. Suppose 0 = 18*u - 20*u + d. Calculate the highest common divisor of u and 4.
4
Let n = -8 - -10. Suppose -3*c = -15, 39 = 11*d - 7*d - 5*c. Calculate the highest common factor of n and d.
2
Suppose 9*g + 57874 - 69581 = 184637. Calculate the highest common divisor of g and 36.
36
Let v = 2539 - 1486. Calculate the greatest common factor of v and 468.
117
Suppose -1910*i + 1857*i = -2385. What is the highest common divisor of 4815 and i?
45
Suppose 126 = -m + 3*m. Let j = 116 + -132. Let g be (24/j)/((-9)/42). Calculate the greatest common divisor of m and g.
7
Let r be (-5)/20*(-8)/1 - 2. Let x(w) = w + 46. Let h be x(r). Calculate the greatest common factor of h and 69.
23
Suppose 95*o - 5984 = 87*o. What is the highest common factor of o and 44?
44
Let s be 4/(-22) - (-35)/11. Let x be (-4738)/(-5) + s*(-8)/(-60). Suppose -3*p + 339 + x = 0. Calculate the highest common factor of p and 39.
39
Suppose 3*x - 4*p = 134, -2*x - 2*p = -4*x + 90. Suppose -7*g = -x - 3. Suppose g*i - 6*i = 44. Calculate the highest common factor of i and 4.
4
Let z be (-5)/(-60)*-4*(-5 - -3 - 259). What is the greatest common factor of z and 1247?
29
Let g be (-254)/(-5)*(-34 - (-4896)/64). What is the highest common factor of 34 and g?
17
Let r(x) = -28*x**3 - x**2 + x + 1. Let q(o) = 8*o - 25. Let t be q(3). Let h be r(t). Let i = 37 + -19. Calculate the greatest common factor of h and i.
9
Suppose 9*d - 21*d = 48. Let u be ((-539)/(-98))/((-2)/d). Calculate the highest common factor of u and 187.
11
Let r(l) = -l**3 + l**2 + 35*l + 9. Let o be r(-6). Suppose -2*k - o = -7*k + y, -y = 1. Calculate the greatest common divisor of k and 110.
10
Suppose d - 2*d = -j - 29, 3*d - 92 = -2*j. Suppose o - 1023 = -5*a + 4*o, -4 = -o. Let n = -117 + a. Calculate the highest common divisor of d and n.
30
Suppose -4*a = -52 - 344. Suppose -2*s + 2*g + 48 = 0, 82 = 3*s + 4*g + 24. Calculate the highest common factor of s and a.
11
Let z = -72 - -93. Let q(b) = 3*b**2 - 52*b + 16. Let m be q(z). Calculate the greatest common factor of 13 and m.
13
Suppose -15*n + 812 = -13*n. Let w = -183 + n. Let g be -5 + (w + -4 - -2). What is the highest common factor of g and 24?
24
Let a be 12/((-144)/(-12)) + 78/2. What is the highest common divisor of 265 and a?
5
Let l be ((-27)/15)/(39/(-4680)). Suppose 3*o + q - 69 = 0, 4*o - 5*q - 29 = 44. Let r be (-11)/(o/(-48)) + 0. Calculate the highest common divisor of r and l.
24
Let h = 19214 + -19207. Calculate the highest common factor of 2569 and h.
7
Suppose 188 + 51 = -y. Let m = 275 + y. Calculate the highest common factor of m and 72.
36
Suppose -4*x + 4*x - 1860 = -3*x. What is the greatest common factor of x and 25?
5
Let k be ((-2)/4)/(15/5940). Let r = -102 - k. What is the greatest common divisor of 6 and r?
6
Let z = 43 + -22. Let c = -302 - -581. Let w = -216 + c. Calculate the greatest common divisor of w and z.
21
Suppose -2*f = 25 - 91. Suppose -665 = 10*k - 735. Suppose -f = -k*r - 12. What is the greatest common divisor of r and 33?
3
Suppose 0 = 2*m - 3*x - 381, -2*m - 4*x - 122 + 482 = 0. Calculate the highest common divisor